{"version":"1.0","provider_name":"Circolo Vega","provider_url":"https:\/\/circolovega.org\/ws","author_name":"francescads","author_url":"https:\/\/circolovega.org\/ws\/author\/francescads\/","title":"Calendario 2025 \"Storie favolose. Capitolo 4. Adolescere\" - Circolo Vega","type":"rich","width":600,"height":338,"html":"<blockquote class=\"wp-embedded-content\" data-secret=\"gzaEycDUnK\"><a href=\"https:\/\/circolovega.org\/ws\/prodotto\/calendario-2025-storie-favolose\/\">Calendario 2025 &#8220;Storie favolose. Capitolo 4. Adolescere&#8221;<\/a><\/blockquote><iframe sandbox=\"allow-scripts\" security=\"restricted\" src=\"https:\/\/circolovega.org\/ws\/prodotto\/calendario-2025-storie-favolose\/embed\/#?secret=gzaEycDUnK\" width=\"600\" height=\"338\" title=\"&#8220;Calendario 2025 &#8220;Storie favolose. Capitolo 4. Adolescere&#8221;&#8221; &#8212; Circolo Vega\" data-secret=\"gzaEycDUnK\" frameborder=\"0\" marginwidth=\"0\" marginheight=\"0\" scrolling=\"no\" class=\"wp-embedded-content\"><\/iframe><script type=\"text\/javascript\">\n\/* <![CDATA[ *\/\n\/*! This file is auto-generated *\/\n!function(d,l){\"use strict\";l.querySelector&&d.addEventListener&&\"undefined\"!=typeof URL&&(d.wp=d.wp||{},d.wp.receiveEmbedMessage||(d.wp.receiveEmbedMessage=function(e){var t=e.data;if((t||t.secret||t.message||t.value)&&!\/[^a-zA-Z0-9]\/.test(t.secret)){for(var s,r,n,a=l.querySelectorAll('iframe[data-secret=\"'+t.secret+'\"]'),o=l.querySelectorAll('blockquote[data-secret=\"'+t.secret+'\"]'),c=new RegExp(\"^https?:$\",\"i\"),i=0;i<o.length;i++)o[i].style.display=\"none\";for(i=0;i<a.length;i++)s=a[i],e.source===s.contentWindow&&(s.removeAttribute(\"style\"),\"height\"===t.message?(1e3<(r=parseInt(t.value,10))?r=1e3:~~r<200&&(r=200),s.height=r):\"link\"===t.message&&(r=new URL(s.getAttribute(\"src\")),n=new URL(t.value),c.test(n.protocol))&&n.host===r.host&&l.activeElement===s&&(d.top.location.href=t.value))}},d.addEventListener(\"message\",d.wp.receiveEmbedMessage,!1),l.addEventListener(\"DOMContentLoaded\",function(){for(var e,t,s=l.querySelectorAll(\"iframe.wp-embedded-content\"),r=0;r<s.length;r++)(t=(e=s[r]).getAttribute(\"data-secret\"))||(t=Math.random().toString(36).substring(2,12),e.src+=\"#?secret=\"+t,e.setAttribute(\"data-secret\",t)),e.contentWindow.postMessage({message:\"ready\",secret:t},\"*\")},!1)))}(window,document);\n\/\/# sourceURL=https:\/\/circolovega.org\/ws\/wp-includes\/js\/wp-embed.min.js\n\/* ]]> *\/\n<\/script>\n","thumbnail_url":"https:\/\/circolovega.org\/ws\/wp-content\/uploads\/2024\/11\/CALENDARIO_2025-scaled.jpg","thumbnail_width":2560,"thumbnail_height":2560,"description":"Il calendario \u00e8 alla sua quarta edizione! Anche quest\u2019anno le tavole del nostro calendario nascono da un\u2019idea creativa\u00a0che ci piace condividere con voi. Si tratta del risultato di un\u00a0progetto realizzato insieme ai ragazzi e alle ragazze del nostro centro di aggregazione \u201cLa Cre\u00fcza\u201d\u00a0e ad alcuni volontari del Circolo Vega, che vedrete ritratti nelle immagini.  Ogni partecipante\u00a0ha scelto un personaggio storico\u00a0verso cui sentiva una particolare affinit\u00e0 e gli ha\u00a0\u201cdato vita\u201d, prima con una sceneggiatura originale che raccontasse una storia immaginaria, mettendola poi in scena con una breve recitazione in costume.  Grazie alla realt\u00e0 aumentata\u00a0inquadrando i dipinti, potrete scoprire le storie immaginate dai ragazzi e dalle ragazze e vedere i personaggi prendere vita!  Tutto ci\u00f2 \u00e8 stato possibile grazie alla preziosa collaborazione con i\u00a0Musei Nazionali Di Genova \u2013 Palazzo Reale\u00a0e con l\u2019impresa sociale\u00a0Bepart. Con loro abbiamo creato questo percorso laboratoriale pensato per valorizzare le collezioni museali di Palazzo Reale attraverso l\u2019uso della realt\u00e0 aumentata e per avvicinare i ragazzi e le ragazze all\u2019arte\u00a0grazie ad una dimensione culturale pi\u00f9 accattivante.  Per noi \u00e8 un modo di raccogliere fondi per sostenerci e continuare a offrire gratuitamente i nostri servizi a chi ne ha pi\u00f9 bisogno.  Questa \u00e8 la quarta edizione... collezionali tutti! ______________________________ Ti ricordiamo che con il Calendario 2025 sostieni i progetti e le attivit\u00e0 del Circolo Vega\u00a0e per questo ti ringraziamo di cuore! ______________________________ Ritira la tua copia presso il Circolo Vega risparmi il costo di spedizione! :) ______________________________  I calendari saranno spediti a partire dal 2 dicembre"}

Il calendario è alla sua quarta edizione! Anche quest’anno le tavole del nostro calendario nascono da un’idea creativa che ci piace condividere con voi. Si tratta del risultato di un progetto realizzato insieme ai ragazzi e alle ragazze del nostro centro di aggregazione “La Creüza” e ad alcuni volontari del Circolo Vega, che vedrete ritratti nelle immagini.  Ogni partecipante ha scelto un personaggio storico verso cui sentiva una particolare affinità e gli ha “dato vita”, prima con una sceneggiatura originale che raccontasse una storia immaginaria, mettendola poi in scena con una breve recitazione in costume.  Grazie alla realtà aumentata inquadrando i dipinti, potrete scoprire le storie immaginate dai ragazzi e dalle ragazze e vedere i personaggi prendere vita!  Tutto ciò è stato possibile grazie alla preziosa collaborazione con i Musei Nazionali Di Genova – Palazzo Reale e con l’impresa sociale Bepart. Con loro abbiamo creato questo percorso laboratoriale pensato per valorizzare le collezioni museali di Palazzo Reale attraverso l’uso della realtà aumentata e per avvicinare i ragazzi e le ragazze all’arte grazie ad una dimensione culturale più accattivante.  Per noi è un modo di raccogliere fondi per sostenerci e continuare a offrire gratuitamente i nostri servizi a chi ne ha più bisogno.  Questa è la quarta edizione... collezionali tutti! ______________________________ Ti ricordiamo che con il Calendario 2025 sostieni i progetti e le attività del Circolo Vega e per questo ti ringraziamo di cuore! ______________________________ Ritira la tua copia presso il Circolo Vega risparmi il costo di spedizione! :) ______________________________  I calendari saranno spediti a partire dal 2 dicembre
